ts digit of w(-6)?
6
Let q = 6 - 3. Let w(v) = -2*v + 38. Let a be w(6). Let t = a - q. What is the units digit of t?
3
Suppose 5*a - 12429 = 5051. Let m = -2270 + a. What is the hundreds digit of m?
2
Let i be 12/(-5)*-1*(-290)/4. Let a = i - -119. Let c = 98 - a. What is the hundreds digit of c?
1
Suppose 4*r + 966 = r + 2*s, 0 = 4*r - 3*s + 1287. Let k = r + 689. What is the hundreds digit of k?
3
Suppose 8 = 5*s - 12. Suppose 0 = -0*v - s*v + 100. Suppose 345 + v = 5*c. What is the tens digit of c?
7
Suppose 3114 = 5*y + 5*s - 2046, 2070 = 2*y - 4*s. Let a = y + -723. What is the hundreds digit of a?
3
Suppose 7*y + y = 40. Suppose -y*b = -3*x + 928, -5*x + 0*b = 4*b - 1522. What is the tens digit of x?
0
Let t = 154 - 157. Let q(k) = 38*k**2 - 2*k - 4. What is the tens digit of q(t)?
4
What is the hundreds digit of (9/(-2)*780/585)/((-2)/103)?
3
Let o = 913 - 233. Suppose o + 577 = s. What is the hundreds digit of s?
2
Let j(v) = 3*v**2 + 20*v + 27. Let g be j(-5). Suppose 0 = -3*c - 2*w + 1183, -2*c + g*w = 6*w - 786. What is the hundreds digit of c?
3
Let w(b) = 177 - b**2 + 176 - 376 + 18*b**2. Let c be -1 - 1*9/3. What is the units digit of w(c)?
9
Let w be (0 + 16/6)*6. Suppose -w = 2*u - 3*u. What is the units digit of u?
6
Let a(x) = -60*x + 3008. What is the hundreds digit of a(-31)?
8
Let y(x) = -3*x - 12. Let g be y(-10). Let i be 3/(-2) + 3249/g. What is the hundreds digit of 2 + (i - 4/8*6)?
1
Suppose -985643 + 4532758 = 143*w. What is the thousands digit of w?
4
Let t(x) = x**2 + 16*x - 29. Let m be t(-17). What is the hundreds digit of (-891 + 15)*5/(45/m)?
1
Suppose 4*t - y + 2*y + 159 = 0, -5*t + 4*y - 204 = 0. Let o = -45 - t. Let m(z) = z**3 + 6*z**2 + 2*z - 4. What is the units digit of m(o)?
1
Let f(n) = 19*n**2 + 9*n - 2. Let g be f(-4). Let b = g - 135. Let x = b - -11. What is the tens digit of x?
4
Let u(p) = -p**2 - 13*p - 11. Let j be u(-9). Suppose x - j = 6*x. What is the hundreds digit of (429/15 + 4)/((-1)/x)?
1
Let o be (-2380)/(-6) + 0 + (-8)/(-24). Suppose h + 5*z = z + o, -z + 1 = 0. What is the hundreds digit of h?
3
Let t(p) = -6*p**3 + 19*p**2 + 50*p + 116. What is the units digit of t(-12)?
0
Let i be (-5*(-7)/(-175))/((-1)/785). Suppose -23*z + 5217 = i. What is the units digit of z?
0
Suppose -3*t + 32086 = -4*h, -255*t + 2*h = -258*t + 32098. What is the thousands digit of t?
0
Let r(p) = p**3 + 21*p**2 + 16*p - 17. Let h(l) = l**2 - l. Let z(j) = -4*h(j) + r(j). What is the units digit of z(-12)?
3
Suppose b - x - 3945 = 0, 2369 = 4*b + 5*x - 13339. What is the units digit of b?
7
Let d(u) = u**3 + 9*u**2 - 3*u - 11. Let p be d(-9). Suppose 0 = p*h - 7*h - 315. Suppose -10*f + h = -35. What is the units digit of f?
7
Suppose o - 33640 = 2*g + 2*g, -o + 25231 = -3*g. What is the hundreds digit of 16/88 + g/(-33)?
2
Suppose s - 3*j = -6, 0 = -5*j + 2*j - 9. Let o = s + 17. Suppose 5*l + 215 = o*y, 2*l + 439 = 4*y + l. What is the tens digit of y?
1
Let z be (-1)/(5*1/3205). Let p = 935 - z. What is the hundreds digit of p?
5
Let y = -388 + 1686. What is the units digit of y?
8
Suppose -2*l - 5 = -4*t - 15, 0 = -3*l + 5*t + 17. Suppose -8*i = 3*o - 3*i - 615, -2*o + 411 = 3*i. Suppose 6*v - l*v = -o. What is the tens digit of v?
7
Let l(u) be the first derivative of -4*u**2 - 9*u + 31. Let z be l(-18). Let p = z - -48. What is the tens digit of p?
8
Suppose 78 = 14*o - 20*o. Let v(a) = -a**3 - 10*a**2 - 17*a + 16. What is the units digit of v(o)?
4
Suppose -1300 = 86*b - 90*b. Let f = b - -67. What is the tens digit of f?
9
Suppose 6*j + 105 + 411 = 0. Let i = j - -100. Suppose -20*t + 516 = -i*t. What is the units digit of t?
6
What is the units digit of 41637 + (-8 - -4) + (0 - 0)?
3
Let f = 74 + -73. Let l be (f - 2)*580/(-20). Let x = 111 + l. What is the units digit of x?
0
Let p be (-5 + 6)/((-1)/(-3)). Suppose -p*u = -941 - 1624. What is the units digit of u?
5
Let p(l) = l. Let v be p(6). Suppose 2212 = m + v*m. Suppose 2*y - 254 = -4*f - 38, -4*f = 3*y - m. What is the hundreds digit of y?
1
Let s be (-492)/(-10) - (-1)/(-15)*3. Let n = s - 42. Suppose -174 - 456 = -n*r. What is the units digit of r?
0
Let l = -357 - -662. Suppose -4*y - 188 = -4*v, -5*y - v - l + 88 = 0. Let i = 53 + y. What is the units digit of i?
9
Let h(f) be the second derivative of 37*f**5/10 - f**4/4 + 5*f**3/6 - 3*f**2/2 + 144*f. What is the tens digit of h(1)?
7
Let k = -5589 - -15241. What is the thousands digit of k?
9
Let q(y) = y**3 - 17*y**2 - 17*y - 11. Let x be q(18). Let v(l) = -l**3 + 13*l**2 - 11*l + 15. What is the hundreds digit of v(x)?
2
Suppose -4*f - 3*i + 39 = 0, 0 = -5*f + 2*f - 3*i + 33. Suppose -92 = f*x - 4*x. Let m = x + 103. What is the tens digit of m?
5
What is the tens digit of 84/10*43340/33?
3
Suppose 0 = 5*o - 4*x, -4*o = -4*x + 10 - 6. Suppose -28*v + 15024 = -o*v. What is the hundreds digit of v?
6
Suppose -408*c + 2*w = -406*c - 108610, -3*c - 5*w + 162907 = 0. What is the tens digit of c?
0
Suppose -4*k + 3*y - 29 = 0, -5*y + 11 = -0*k - 2*k. Let s(x) = x**3 - 48*x**2 + 94*x - 110. Let t be s(46). Let u = k - t. What is the units digit of u?
0
Suppose -33*r + 2096654 + 318873 = 300029. What is the tens digit of r?
0
Let a = -889 - -1030. What is the hundreds digit of a?
1
Suppose -2*v = -3*v + 26. Let r = -16 + v. Suppose 60 + 450 = r*p. What is the units digit of p?
1
Let q(u) = 2*u**2 + 2*u - 17. Let g(y) = y**3 - 6*y**2 - 7*y - 8. Suppose -3 - 25 = -4*i. Let j be g(i). What is the tens digit of q(j)?
9
Suppose 4*y - 140 = -y. Suppose 2*k - 4*v = 484, 3*k + 25*v = y*v + 741. What is the units digit of k?
2
Let k(l) = -l**3 + 19*l**2 + 9*l + 25. Let s be k(20). Let q = s - -340. Suppose -v - 29 + q = 2*a, -v + 110 = 4*a. What is the tens digit of v?
2
Let z(q) = 2*q**2 + 5*q + 8. Let i be z(13). Let t = -840 + 547. Let x = t + i. What is the units digit of x?
8
Suppose 3*r - 17*w = -14*w + 111606, 0 = -3*r + 4*w + 111599. What is the ten thousands digit of r?
3
Let g = -99 - -174. What is the units digit of 4*g/40*(-342)/(-5)?
3
Let j(l) = -2*l**3 - 5*l**2 + 9*l + 9. Let f be j(-7). Let b = -167 + f. What is the units digit of b?
0
Suppose 0 = -k + 4 - 37. Let s(p) = -19*p + 233. What is the hundreds digit of s(k)?
8
Suppose -13*o + 60 - 34 = 0. Let j(d) = 3*d**2 - d. Let t be j(-1). Suppose t*y - 352 = -o*g - 2*g, y - 5*g - 70 = 0. What is the units digit of y?
5
Let x = 343 - 136. Let u(n) = n**3 - 3*n**2 + 6*n + 5. Let d be u(-4). Let j = x + d. What is the tens digit of j?
7
Suppose 6*x - 35 = 19. Suppose -5495 = -x*a - 1220. Suppose -c + 3*g = -6*c + a, -g = -5*c + 495. What is the tens digit of c?
9
Let b(w) = -21*w**2 + 18*w + 1. Let g be b(-5). Let s = -247 - g. What is the hundreds digit of s?
3
Let c(x) = 3*x - 1. Let h be c(3). What is the units digit of -12 + (17 - h) + (38 - 1)?
4
Let b = -29 - -106. Suppose -91 - 366 = -5*f - d, f + 5*d = b. What is the units digit of f?
2
Let x(l) = -4198*l - 4. Let i be x(-1). Suppose v - y - 836 = 0, -6*v - 2*y + i = -v. What is the units digit of v?
8
Suppose -4*n - 5*o + 4607 = 120, 4*o + 3342 = 3*n. Suppose -5*y + n = -3812. What is the hundreds digit of y?
9
Suppose -4*m + 2*s + 2 = -2*m, -3*m + 2*s = -5. Suppose -2*b + 201 = -2*z - 211, m*b - 5*z = 618. What is the tens digit of b?
0
Let y(g) be the second derivative of -5/2*g**2 + 67/6*g**3 + 7*g + 0. What is the units digit of y(1)?
2
Let z be 4/(-30) - 32/(-15) - -2. Suppose -o - z*b = -8 - 8, -4*o + 3*b - 31 = 0. What is the tens digit of (o/8)/((-2)/492)?
2
Let n be (-81)/(-54) - 5/(-2). Suppose -n*i - 1431 = -7*i. What is the hundreds digit of i?
4
Suppose 0 = 89*y - 84*y - 15. What is the tens digit of 12*y/21*(-8043)/(-12)?
4
Let m(n) = 2638*n**2 - 85*n + 84. What is the thousands digit of m(1)?
2
Let m(j) = 2*j**2 - 9*j - 10. Let c be m(8). Let w = 43 - c. What is the units digit of 4 + (w - 2) + 70?
9
Suppose 5*d + 7*k - 27 = 4*k, -12 = -3*k. Suppose d*t + 6 + 3 = 0. What is the units digit of (4/t)/(231/117 - 2)?
2
Let h(g) = -g**3 + 23*g**2 + 21*g + 76. Let w be h(24). Suppose 0*r = 3*r + u - 992, -w*u = 2*r - 658. What is the hundreds digit of r?
3
Let j be (-8)/6*(4 + 34/(-4)). What is the tens digit of (-6486)/(-24) - j*1/(-8)?
7
Suppose -u = -4*d - 344, 3*